z**2 + 9*z**2 - 549. Give q(d).
12
Let w be (6/(-9))/(1/(-6)). Suppose 2*v = 1 + 5. Let a(t) = 4*t - t**3 + t**3 + 5*t**2 + w + t**v. Determine a(-3).
10
Let i(h) = 3*h**2 + 4*h + 2. Suppose 5*d = 847 + 3. Suppose 0 = -6*v - 188 + d. Give i(v).
17
Let f(u) = -47 + 22 + 10*u + 15 + 14. What is f(-5)?
-46
Let n(i) = -2*i**2 - 2. Let z(a) = -40*a**2 - 30. Let x(q) = -15*n(q) + z(q). What is x(1)?
-10
Let w(n) = -n**2 + 3*n - 1. Suppose 3*q = 5*b + 21, 0*b - 5*q + 1 = 3*b. Suppose -9*x + 31*x = 154. Let y = b + x. Calculate w(y).
-5
Let a(h) be the first derivative of h**2/2 - 1. Suppose 236 = 3*u + 227. Calculate a(u).
3
Suppose -3*s = -3*q - s - 2, 4*s = 16. Let k(f) = 0 + q*f**2 + 4 - 3*f**2 - 3. Calculate k(-1).
0
Let v(h) = -h + 8. Let o be (1 - -3)/(-4) - -3. Suppose 0*r - 5*a = -4*r + 18, a + o = 0. Suppose 3*x = 4*k + r, -k - k = 5*x - 38. Determine v(x).
2
Let l(v) = -v**2 - 12*v - 4. Let q(h) be the second derivative of -h**4/4 - 35*h**3/6 - 11*h**2/2 - 17*h. Let s(f) = 11*l(f) - 4*q(f). Determine s(-5).
-15
Let m(w) be the third derivative of -w**6/720 + w**5/60 + 13*w**4/12 - 13*w**2. Let y(z) be the second derivative of m(z). Give y(6).
-4
Let l = -318 + 9541/30. Let k(j) be the third derivative of -1/8*j**4 + 1/3*j**3 + 3*j**2 + 1/120*j**6 + 0*j + 0 + l*j**5. Determine k(-4).
-18
Let l(z) be the second derivative of -z**8/6720 - z**7/2520 - z**6/360 - z**5/60 - z**4/12 + 2*z. Let u(k) be the third derivative of l(k). Determine u(-2).
6
Suppose 4*i + 24 = i. Let y(j) = -796 - 788 + j**2 + 8*j + 1591. What is y(i)?
7
Let o(l) be the third derivative of 0*l + 3/2*l**3 + 12*l**2 + 0 + 1/24*l**4. Determine o(-7).
2
Suppose 13 = -3*g - 5. Let l(y) = 3*y**3 + 4*y**2 - 2. Let p(t) = t**3 - t**2 - 1. Let s(k) = l(k) - 2*p(k). Calculate s(g).
0
Let v(x) = 6*x - 9. Let s(g) = -8*g + 12. Let o(p) = 4*s(p) + 5*v(p). Determine o(10).
-17
Let l be (-8)/3 - (-4)/(-12). Let t(j) = 4*j + j**2 + 4*j**2 - 15 + j**3 - 14 + 30. Determine t(l).
7
Let v(q) = 3*q + 10. Let j be v(-3). Let k be 5 + -4 - (j + 0). Let b(c) = -c**3 + c - 6. Give b(k).
-6
Let h(r) = -7*r**3 + r**2 + 8*r + 11. Let j(s) = -4*s**3 + 4*s + 6. Let b(v) = 3*h(v) - 5*j(v). Let a = 0 + 6. Let t = a + -2. Determine b(t).
3
Let n(p) be the first derivative of -p**2/2 - 2*p + 2003. Let o = 0 - 2. Give n(o).
0
Let q(o) = -o**3 - 7*o**2 + 7. Let k(t) = 9*t - 87. Let v be k(9). Determine q(v).
-29
Let r(a) = 22*a**2 + 3*a + 1. Let s(b) be the second derivative of b**4/12 + b**3/6 + 16*b. Let h(g) = -r(g) + 4*s(g). Determine h(1).
-18
Let f(i) = 31*i - 1. Suppose 20*b = -26*b - 46. Calculate f(b).
-32
Let j(y) be the second derivative of -y**5/20 + y**4/3 + 2*y**3/3 + 3*y**2/2 + 3*y. Let v = 101 - 96. Calculate j(v).
-2
Suppose -4*l + 9 - 1 = 0. Let j(r) = -r**2 + 7 - 7*r + 5*r**l - r - 3*r**2. Suppose -f + 1 + 5 = 0. Calculate j(f).
-5
Let t(y) be the third derivative of -y**6/30 + y**3/6 - 65*y**2. Let h be (-2)/8 - 6/8. Determine t(h).
5
Let b = -74 + 47. Let n = 27 + b. Let s(j) be the second derivative of j**3/6 + 3*j**2 + 2*j. Calculate s(n).
6
Let y(g) = -2*g + 2. Suppose 0 = 3*a - 3*x - 2 - 1, 0 = -4*a - 5*x + 49. Suppose -2*w = -5*k + 23, -a*k + 5*w + 20 = -k. Calculate y(k).
-8
Let w = 5 + -2. Let h(r) = 4 - w - r - 1. Suppose t + 4*l + 12 = 0, l + 0*l = t - 8. What is h(t)?
-4
Let d(s) be the third derivative of -s**6/120 - s**5/4 + 2*s**4/3 + 5*s**3/3 - 61*s**2 + 2. Calculate d(-16).
10
Let f(b) = -b**3 - 6*b**2 + 6*b - 5. Let v be f(-7). Let g(n) = 13*n - n**2 + 2*n**v - 6*n + 5. Let a = 2 + -7. What is g(a)?
-5
Let w(p) be the first derivative of p**2/2 - p - 1. Let z = -934 - -927. Calculate w(z).
-8
Let c(z) be the third derivative of -z**5/30 - 3*z**4/4 - 11*z**3/6 + 337*z**2. Determine c(-8).
5
Let i = -636 + 629. Let j(d) = -d**2 - 6*d + 9. What is j(i)?
2
Let x = -2051/6 + 342. Let f(d) be the second derivative of 6*d + 0*d**2 - x*d**3 + 0. What is f(1)?
-1
Let g = -12 + 14. Suppose 3*i + 0*v = 3*v + 15, -5*i + v + 21 = 0. Let y(k) = -1 - i*k + 3*k**g - 4*k**2 + 0*k. Calculate y(-5).
-6
Let g be (1 + (-42)/15)*(-380)/(-114). Let l(b) = -b**2 - 7*b. Let n(y) = y**2 + 7*y. Let h(a) = 5*l(a) + 6*n(a). Determine h(g).
-6
Let s(n) = -n**3 + 4*n**2 + 3*n - 3. Let q = 4 + 0. Suppose -15*l + 19*l - 8 = 0. Suppose -5*m + l*m = -5*z + q, -5*z + 8 = -m. Give s(z).
11
Let d(z) = -5*z**3 + 28*z**2 + 25*z + 22. Let g(k) = -3*k**3 + 15*k**2 + 13*k + 11. Let f(q) = 4*d(q) - 7*g(q). Calculate f(-5).
16
Let l(u) = u**3 - 4*u**2 + 3*u - 2. Suppose -2*g - 2 + 8 = 0, -72 = 3*m + 5*g. Let n = -28 - m. Suppose q = -n + 2, 0 = x + 2*q - 5. Calculate l(x).
-2
Let u = -21 + 18. Let y(o) = o - 1. Let h be y(u). Let m be (8/(-1))/h + -2. Let t(a) = -a + 2. Calculate t(m).
2
Let h = 1765/12 - 147. Let x(s) be the third derivative of -h*s**4 + 3/2*s**3 + 0 + 0*s - 6*s**2. What is x(7)?
-5
Let g(k) = 6*k + 30. Let f(s) = -7*s - 39. Let a(w) = 5*f(w) + 6*g(w). What is a(9)?
-6
Let i be -2*(2/(-7))/((-112)/(-196)). Let q(d) = d**2 - 3*d + 2. Give q(i).
0
Let u be ((-116)/406)/(1/(-28)). Let r(f) = 4*f - 21. What is r(u)?
11
Let w(m) = -m - 7. Suppose c - 3*r - 6 = -2*r, -4*c + r + 18 = 0. Calculate w(c).
-11
Let x = -365 - -144. Let m = x - -224. Let n(d) = -d + 3*d**2 + 2 + d**3 - 2*d**3 + 2*d. What is n(m)?
5
Let l(u) be the second derivative of -u**4/12 + 3*u**3 + 7*u**2 - 101*u. Determine l(19).
-5
Let w be 26/4 - (-3)/(-6). Let y(p) = -5*p - 12 + 5 + 8*p**2 - 7*p**2. Determine y(w).
-1
Let g(i) = -i**3 - 13*i**2 - 22*i - 2. Let u(v) = 2*v**2 + 32*v + 67. Let d be u(-13). What is g(d)?
-2
Let v(f) = f**3 - 13*f**2 - 31*f + 29. Let u be v(15). Let m(k) = -k**3 + 13*k**2 + 13*k + 10. Give m(u).
-4
Let w(o) = 10*o**3 + 1. Let p = -24 - -28. Let h be (1 - 4) + p - 2. What is w(h)?
-9
Let n(f) = -2*f - 30. Let j be n(0). Let g be 6/45*-3*j. Let k(u) = -u**2 + 11*u + 5. Let i be k(g). Let w(d) = -d**3 - 6*d**2 + 8*d + 3. Calculate w(i).
-4
Let d(j) = -j**2 - 8*j - 12. Let v be d(-5). Let t(n) = -n**2 - 4*n - 2*n**2 + v*n**2 - 3 - 3*n**2. Suppose 2*i - 11 = -15. Calculate t(i).
-7
Let l(m) = m**2 + 16*m + 28. Let n be l(-16). Let w(r) = -33*r + 3 + 2*r**2 + n*r - r**2. Give w(4).
-1
Let d be (3/(-2) - 0)*4. Let q(k) be the first derivative of 4*k + 1/3*k**3 + 3*k**2 + 16. What is q(d)?
4
Suppose 24*c - 276 = 47*c. Let i(o) = -o - 12. Determine i(c).
0
Let c be 38/(-8) + 3/(-12). Let x(k) = k**3 + 10*k**2 + 2*k - 6. Let f(r) = r**2 - 1. Let b(g) = -5*f(g) + x(g). What is b(c)?
-11
Let s(b) = 5*b - 4. Suppose -101 + 31 = -10*k. Give s(k).
31
Let s(x) = -x - 8. Suppose 3*h - 1 - 11 = 0. Let w be 10/((-1)/h*-2). Let j = 14 - w. What is s(j)?
-2
Suppose 447 = 3*g + 30. Suppose 3*i = 4*i - 5*f - 63, 3*f - g = -2*i. Let l(x) = -2 + 66*x + 0 - i*x. Give l(3).
-8
Let y(r) = -r**2 - 4*r - 4. Let d(h) = -4*h + 5. Let m be (9/(-6))/((-9)/12). Let n be d(m). Calculate y(n).
-1
Suppose 7*v = 3*v + 12. Suppose 0 = v*a - 3*q + 12, -4*a - 13 = -5*q + 8. Let y(c) = -c**3 + 4 - 5*c**2 + 2 - c - a - c. Calculate y(-4).
-3
Let z = 11 + -5. Let i(v) be the first derivative of v**4/4 - 2*v**3 + 625. Calculate i(z).
0
Suppose 5*b - 31 = -p, 4*b + 3*p + 2*p - 8 = 0. Let x(w) be the first derivative of w**4/4 - 8*w**3/3 + 9*w**2/2 - 8*w + 2. Calculate x(b).
6
Suppose -11 = 2*a + 23. Let i = 15 + a. Let u(s) = s**3 + 2*s + 3*s**2 + 0*s**2 + 0*s**2. Calculate u(i).
0
Let i(c) = -5 - 1 - c - c**3 - 21*c**2 - 13 - 2*c**2. Let j be i(-23). Let u(s) = s - 5. Determine u(j).
-1
Let i(b) = b**3 - 9*b**2 - b + 8. Let g be i(9). Let x be (-8 - -5) + (-4)/g + -8. Let v(h) = h**2 + 7*h - 1. Calculate v(x).
-1
Let f(h) be the first derivative of 3*h**2 + 11 - 1/3*h**3 - 4*h. Calculate f(4).
4
Suppose v = -v. Let l be v + 3 + -1 - 4. Let m(f) = f + 0 + 2 + 4*f**2 - 6*f**2 - 1 - f**3. Give m(l).
-1
Let n(a) = -a**2 - 4*a + 5. Suppose -5*j - 62 + 22 = 0. Let f = 4 + j. Determine n(f).
5
Let x(j) = j**2 + 4*j + 4 + 5*j - 7*j + 5*j. Determine x(-6).
-2
Let g be 4/26 + 350/91. Suppose g*s + 30 = -s. Let w be (-98)/(-28) - s/(-4). Let y(b) = -b**3 - b**2 + b + 1. Give y(w).
-9
Let a(r) be the second derivative of r**3/6 + 3*r**2/2 - 5*r. Let t be (-1)/(-8) - (-25)/(-200). Calculate a(t).
3
Let b(f) = -f - 2. Suppose -6*t + 86 = 50. Calculate b(t).
-8